{"id":100008572,"date":"2020-10-09T09:05:56","date_gmt":"2020-10-09T09:05:56","guid":{"rendered":"https:\/\/tacorontetedamas.com\/web\/?page_id=100008572"},"modified":"2020-10-09T13:40:50","modified_gmt":"2020-10-09T12:40:50","slug":"tacoronte-te-da-mas","status":"publish","type":"page","link":"https:\/\/tacorontetedamas.com\/web\/","title":{"rendered":"Tacoronte te da m\u00e1s"},"content":{"rendered":"[et_pb_section fb_built=\u00bb1&#8243; next_background_color=\u00bb#ffffff\u00bb admin_label=\u00bbHeader\u00bb _builder_version=\u00bb4.6.5&#8243; use_background_color_gradient=\u00bbon\u00bb background_color_gradient_start=\u00bbrgba(0,0,0,0.5)\u00bb background_color_gradient_end=\u00bbrgba(0,0,0,0.5)\u00bb background_color_gradient_overlays_image=\u00bbon\u00bb background_image=\u00bbhttps:\/\/tacorontetedamas.com\/web\/wp-content\/uploads\/2020\/10\/Compras-tacoronte.jpg\u00bb custom_padding=\u00bb8vw||||false|false\u00bb bottom_divider_style=\u00bbslant\u00bb bottom_divider_height=\u00bb57px\u00bb][et_pb_row column_structure=\u00bb1_2,1_2&#8243; _builder_version=\u00bb4.4.8&#8243;][et_pb_column type=\u00bb1_2&#8243; _builder_version=\u00bb4.4.8&#8243;][et_pb_text _builder_version=\u00bb4.6.5&#8243; header_font=\u00bbKanit|500|||||||\u00bb header_font_size=\u00bb4vw\u00bb header_line_height=\u00bb1.1em\u00bb background_layout=\u00bbdark\u00bb max_width=\u00bb795px\u00bb module_alignment=\u00bbcenter\u00bb header_font_size_tablet=\u00bb42px\u00bb header_font_size_phone=\u00bb36px\u00bb header_font_size_last_edited=\u00bbon|desktop\u00bb locked=\u00bboff\u00bb]\n<h1>Tacoronte<\/h1>\n[\/et_pb_text][\/et_pb_column][et_pb_column type=\u00bb1_2&#8243; _builder_version=\u00bb4.4.8&#8243;][et_pb_image src=\u00bbhttps:\/\/tacorontetedamas.com\/web\/wp-content\/uploads\/2020\/10\/te-da-mas.png\u00bb title_text=\u00bbte-da-mas\u00bb disabled_on=\u00bboff|off|on\u00bb _builder_version=\u00bb4.6.5&#8243; _module_preset=\u00bbdefault\u00bb][\/et_pb_image][et_pb_text _builder_version=\u00bb4.6.5&#8243; text_font_size=\u00bb16px\u00bb text_line_height=\u00bb1.8em\u00bb header_3_font=\u00bbKanit||||||||\u00bb header_3_line_height=\u00bb1.3em\u00bb background_layout=\u00bbdark\u00bb]\n<h3>Ahora comprar en tu comercio cercano es mucho m\u00e1s f\u00e1cil y r\u00e1pido.<\/h3>\n[\/et_pb_text][et_pb_button button_url=\u00bbhttps:\/\/tacorontetedamas.com\/\u00bb url_new_window=\u00bbon\u00bb button_text=\u00bb\u00a1Accede ya!\u00bb button_alignment=\u00bbleft\u00bb _builder_version=\u00bb4.6.5&#8243; custom_button=\u00bbon\u00bb button_text_size=\u00bb14px\u00bb button_text_color=\u00bb#000000&#8243; button_bg_color=\u00bb#ffd000&#8243; button_border_width=\u00bb0px\u00bb button_border_radius=\u00bb0px\u00bb button_letter_spacing=\u00bb1px\u00bb button_font=\u00bbKanit|700||on|||||\u00bb button_icon=\u00bb%%3%%\u00bb custom_margin=\u00bb40px||||false|false\u00bb custom_padding=\u00bb15px|40px|15px|40px|true|true\u00bb locked=\u00bboff\u00bb][\/et_pb_button][\/et_pb_column][\/et_pb_row][et_pb_row _builder_version=\u00bb4.4.8&#8243; custom_margin=\u00bb5vw||||false|false\u00bb][et_pb_column type=\u00bb4_4&#8243; _builder_version=\u00bb4.4.8&#8243;][et_pb_image src=\u00bbhttps:\/\/tacorontetedamas.com\/web\/wp-content\/uploads\/2020\/10\/te-da-mas.png\u00bb title_text=\u00bbte-da-mas\u00bb show_bottom_space=\u00bboff\u00bb disabled_on=\u00bbon|on|off\u00bb _builder_version=\u00bb4.6.5&#8243; custom_padding=\u00bb||||false|false\u00bb animation_direction=\u00bbleft\u00bb scroll_horizontal_motion_enable=\u00bbon\u00bb scroll_horizontal_motion=\u00bb0|50|50|100|0|0|-3&#8243;][\/et_pb_image][\/et_pb_column][\/et_pb_row][\/et_pb_section][et_pb_section fb_built=\u00bb1&#8243; admin_label=\u00bbServices\u00bb _builder_version=\u00bb4.4.9&#8243;][et_pb_row _builder_version=\u00bb4.4.8&#8243; locked=\u00bboff\u00bb][et_pb_column type=\u00bb4_4&#8243; _builder_version=\u00bb4.4.8&#8243;][et_pb_text _builder_version=\u00bb4.6.5&#8243; header_2_font=\u00bbKanit|700|||||||\u00bb header_2_text_color=\u00bb#000000&#8243; header_2_font_size=\u00bb48px\u00bb header_2_line_height=\u00bb1.1em\u00bb text_orientation=\u00bbcenter\u00bb module_alignment=\u00bbcenter\u00bb animation_style=\u00bbfade\u00bb header_2_font_size_tablet=\u00bb32px\u00bb header_2_font_size_phone=\u00bb22px\u00bb header_2_font_size_last_edited=\u00bbon|phone\u00bb]\n<h2>\u00bfQu\u00e9 buscas?<\/h2>\n[\/et_pb_text][\/et_pb_column][\/et_pb_row][et_pb_row column_structure=\u00bb1_3,1_3,1_3&#8243; use_custom_gutter=\u00bbon\u00bb gutter_width=\u00bb2&#8243; _builder_version=\u00bb4.6.5&#8243; animation_style=\u00bbslide\u00bb animation_direction=\u00bbbottom\u00bb locked=\u00bboff\u00bb][et_pb_column type=\u00bb1_3&#8243; _builder_version=\u00bb4.4.8&#8243;][et_pb_blurb title=\u00bbRestaurantes\u00bb image=\u00bbhttps:\/\/tacorontetedamas.com\/web\/wp-content\/uploads\/2020\/10\/restaurante2.png\u00bb icon_alignment=\u00bbleft\u00bb image_max_width=\u00bb22%\u00bb content_max_width=\u00bb100%\u00bb image_max_width_tablet=\u00bb15%\u00bb image_max_width_phone=\u00bb22%\u00bb image_max_width_last_edited=\u00bbon|desktop\u00bb _builder_version=\u00bb4.6.5&#8243; header_font=\u00bbKanit|600|||||||\u00bb header_font_size=\u00bb20px\u00bb header_line_height=\u00bb1.3em\u00bb body_font=\u00bbKanit||||||||\u00bb body_line_height=\u00bb1.5em\u00bb background_image=\u00bbhttps:\/\/tacorontetedamas.com\/web\/wp-content\/uploads\/2020\/10\/Oval.png\u00bb background_size=\u00bbinitial\u00bb background_position=\u00bbtop_left\u00bb animation=\u00bboff\u00bb header_font_size_tablet=\u00bb18px\u00bb header_font_size_phone=\u00bb16px\u00bb header_font_size_last_edited=\u00bbon|phone\u00bb]\n<p>Encuentra donde comer o tomar alg\u00fan aperitivo en los bares y restaurantes de tu zona.<\/p>\n[\/et_pb_blurb][\/et_pb_column][et_pb_column type=\u00bb1_3&#8243; _builder_version=\u00bb4.4.8&#8243;][et_pb_blurb title=\u00bbDe compras\u00bb image=\u00bbhttps:\/\/tacorontetedamas.com\/web\/wp-content\/uploads\/2020\/10\/compras2.png\u00bb icon_alignment=\u00bbleft\u00bb image_max_width=\u00bb21%\u00bb content_max_width=\u00bb100%\u00bb image_max_width_tablet=\u00bb15%\u00bb image_max_width_phone=\u00bb21%\u00bb image_max_width_last_edited=\u00bbon|phone\u00bb _builder_version=\u00bb4.6.5&#8243; header_font=\u00bbKanit|600|||||||\u00bb header_font_size=\u00bb20px\u00bb header_line_height=\u00bb1.3em\u00bb body_font=\u00bbKanit||||||||\u00bb body_line_height=\u00bb1.5em\u00bb background_image=\u00bbhttps:\/\/tacorontetedamas.com\/web\/wp-content\/uploads\/2020\/10\/Oval.png\u00bb background_size=\u00bbinitial\u00bb background_position=\u00bbtop_left\u00bb animation=\u00bboff\u00bb header_font_size_tablet=\u00bb18px\u00bb header_font_size_phone=\u00bb16px\u00bb header_font_size_last_edited=\u00bbon|phone\u00bb locked=\u00bboff\u00bb]\n<p>Descubre las tiendas de Tacoronte. \u00a1Te sorprender\u00e1s!<\/p>\n[\/et_pb_blurb][\/et_pb_column][et_pb_column type=\u00bb1_3&#8243; _builder_version=\u00bb4.4.8&#8243;][et_pb_blurb title=\u00bbServicio a domicilio\u00bb image=\u00bbhttps:\/\/tacorontetedamas.com\/web\/wp-content\/uploads\/2020\/10\/repartidor2.png\u00bb icon_alignment=\u00bbleft\u00bb image_max_width=\u00bb20%\u00bb content_max_width=\u00bb100%\u00bb image_max_width_tablet=\u00bb17%\u00bb image_max_width_phone=\u00bb21%\u00bb image_max_width_last_edited=\u00bbon|phone\u00bb _builder_version=\u00bb4.6.5&#8243; header_font=\u00bbKanit|600|||||||\u00bb header_font_size=\u00bb20px\u00bb header_line_height=\u00bb1.3em\u00bb body_font=\u00bbKanit||||||||\u00bb body_line_height=\u00bb1.5em\u00bb background_image=\u00bbhttps:\/\/tacorontetedamas.com\/web\/wp-content\/uploads\/2020\/10\/Oval.png\u00bb background_size=\u00bbinitial\u00bb background_position=\u00bbtop_left\u00bb animation=\u00bboff\u00bb header_font_size_tablet=\u00bb18px\u00bb header_font_size_phone=\u00bb16px\u00bb header_font_size_last_edited=\u00bbon|phone\u00bb locked=\u00bboff\u00bb]\n<p>Qu\u00e9date en casa y disfruta de tu compra en la comodidad de tu hogar.<\/p>\n[\/et_pb_blurb][\/et_pb_column][\/et_pb_row][\/et_pb_section][et_pb_section fb_built=\u00bb1&#8243; admin_label=\u00bbStatistics\u00bb _builder_version=\u00bb4.4.8&#8243; custom_padding=\u00bb||130px|||\u00bb locked=\u00bboff\u00bb][et_pb_row column_structure=\u00bb1_2,1_2&#8243; use_custom_gutter=\u00bbon\u00bb gutter_width=\u00bb1&#8243; make_equal=\u00bbon\u00bb _builder_version=\u00bb4.6.5&#8243; custom_padding=\u00bb||0px||false|false\u00bb][et_pb_column type=\u00bb1_2&#8243; _builder_version=\u00bb4.4.8&#8243;][et_pb_image src=\u00bbhttps:\/\/tacorontetedamas.com\/web\/wp-content\/uploads\/2020\/08\/banner.jpg\u00bb title_text=\u00bbbanner\u00bb url=\u00bbhttps:\/\/tacorontetedamas.com\/\u00bb url_new_window=\u00bbon\u00bb show_bottom_space=\u00bboff\u00bb admin_label=\u00bbImage\u00bb _builder_version=\u00bb4.6.5&#8243; custom_margin=\u00bb|||-10vw|false|false\u00bb custom_margin_tablet=\u00bb|||0vw|false|false\u00bb custom_margin_phone=\u00bb\u00bb custom_margin_last_edited=\u00bbon|tablet\u00bb animation_style=\u00bbslide\u00bb animation_direction=\u00bbleft\u00bb locked=\u00bboff\u00bb][\/et_pb_image][\/et_pb_column][et_pb_column type=\u00bb1_2&#8243; _builder_version=\u00bb4.6.5&#8243; background_color=\u00bb#ffd000&#8243;][et_pb_text _builder_version=\u00bb4.6.5&#8243; _module_preset=\u00bbdefault\u00bb header_4_font=\u00bbKanit|300|||||||\u00bb header_4_line_height=\u00bb1.3em\u00bb background_color=\u00bb#000000&#8243; background_layout=\u00bbdark\u00bb custom_margin=\u00bb||||false|false\u00bb custom_padding=\u00bb35px|35px|35px|35px|true|true\u00bb animation_style=\u00bbfade\u00bb]\n<h4><strong>TACORONTE TE DA M\u00c1S<\/strong> es una iniciativa innovadora en Canarias que permite al comercio local incorporarse de manera eficiente al mercado multi-canal, formando parte de un proyecto pionero, cuyo objetivo es digitalizar todos y cada uno de los comercios del Municipio, sea cual sea su sector.<\/h4>\n[\/et_pb_text][et_pb_text _builder_version=\u00bb4.6.5&#8243; _module_preset=\u00bbdefault\u00bb text_font=\u00bbKanit||||||||\u00bb text_text_color=\u00bb#000000&#8243; text_font_size=\u00bb24px\u00bb header_2_font=\u00bbKanit|800||on|||||\u00bb header_2_font_size=\u00bb64px\u00bb custom_padding=\u00bb90px||45px||false|false\u00bb animation_style=\u00bbroll\u00bb]\n<h2 style=\"text-align: center;\">M\u00e1s<\/h2>\n<p style=\"text-align: center;\">desarrollo<\/p>\n[\/et_pb_text][et_pb_text _builder_version=\u00bb4.6.5&#8243; _module_preset=\u00bbdefault\u00bb text_font=\u00bbKanit||||||||\u00bb text_text_color=\u00bb#000000&#8243; text_font_size=\u00bb24px\u00bb header_2_font=\u00bbKanit|800||on|||||\u00bb header_2_font_size=\u00bb64px\u00bb custom_padding=\u00bb45px||45px||true|false\u00bb animation_style=\u00bbroll\u00bb]\n<h2 style=\"text-align: center;\">M\u00e1s<\/h2>\n<p style=\"text-align: center;\">accesibilidad<\/p>\n[\/et_pb_text][et_pb_text _builder_version=\u00bb4.6.5&#8243; _module_preset=\u00bbdefault\u00bb text_font=\u00bbKanit||||||||\u00bb text_text_color=\u00bb#000000&#8243; text_font_size=\u00bb24px\u00bb header_2_font=\u00bbKanit|800||on|||||\u00bb header_2_font_size=\u00bb64px\u00bb custom_padding=\u00bb45px||90px||false|false\u00bb animation_style=\u00bbroll\u00bb]\n<h2 style=\"text-align: center;\">M\u00e1s<\/h2>\n<p style=\"text-align: center;\">comercios<\/p>\n[\/et_pb_text][\/et_pb_column][\/et_pb_row][et_pb_row column_structure=\u00bb1_3,1_3,1_3&#8243; use_custom_gutter=\u00bbon\u00bb gutter_width=\u00bb1&#8243; make_equal=\u00bbon\u00bb custom_padding_last_edited=\u00bbon|phone\u00bb _builder_version=\u00bb4.6.5&#8243; background_color=\u00bb#ffd000&#8243; z_index=\u00bb10&#8243; width=\u00bb100%\u00bb width_tablet=\u00bb80%\u00bb width_phone=\u00bb\u00bb width_last_edited=\u00bbon|phone\u00bb module_alignment=\u00bbcenter\u00bb custom_margin_tablet=\u00bb-255px||||false|false\u00bb custom_margin_last_edited=\u00bboff|desktop\u00bb custom_padding=\u00bb0px|0px|0px|0px|true|true\u00bb custom_padding_tablet=\u00bb|20px||20px|true|false\u00bb custom_padding_phone=\u00bb\u00bb animation_style=\u00bbslide\u00bb animation_direction=\u00bbright\u00bb locked=\u00bboff\u00bb][et_pb_column type=\u00bb1_3&#8243; _builder_version=\u00bb4.6.5&#8243; use_background_color_gradient=\u00bbon\u00bb background_color_gradient_start=\u00bbrgba(224,43,32,0.52)\u00bb background_color_gradient_end=\u00bbrgba(237,240,0,0.27)\u00bb background_color_gradient_overlays_image=\u00bbon\u00bb background_image=\u00bbhttps:\/\/tacorontetedamas.com\/web\/wp-content\/uploads\/2020\/10\/restaurante.jpg\u00bb custom_padding=\u00bb60px||60px||true|false\u00bb][et_pb_text _builder_version=\u00bb4.6.5&#8243; _module_preset=\u00bbdefault\u00bb]\n<p>&nbsp;<\/p>\n<p>&nbsp;<\/p>\n[\/et_pb_text][\/et_pb_column][et_pb_column type=\u00bb1_3&#8243; _builder_version=\u00bb4.6.5&#8243; use_background_color_gradient=\u00bbon\u00bb background_color_gradient_start=\u00bbrgba(237,240,0,0.27)\u00bb background_color_gradient_end=\u00bbrgba(4,130,0,0.27)\u00bb background_color_gradient_overlays_image=\u00bbon\u00bb background_image=\u00bbhttps:\/\/tacorontetedamas.com\/web\/wp-content\/uploads\/2020\/10\/compras-tacoronte2.jpg\u00bb custom_padding=\u00bb60px||60px||true|false\u00bb][et_pb_text _builder_version=\u00bb4.6.5&#8243; _module_preset=\u00bbdefault\u00bb]\n<p>&nbsp;<\/p>\n<p>&nbsp;<\/p>\n[\/et_pb_text][\/et_pb_column][et_pb_column type=\u00bb1_3&#8243; _builder_version=\u00bb4.6.5&#8243; use_background_color_gradient=\u00bbon\u00bb background_color_gradient_start=\u00bbrgba(237,240,0,0.34)\u00bb background_color_gradient_end=\u00bbrgba(224,43,32,0.28)\u00bb background_color_gradient_overlays_image=\u00bbon\u00bb background_image=\u00bbhttps:\/\/tacorontetedamas.com\/web\/wp-content\/uploads\/2020\/10\/delivery.jpg\u00bb custom_padding=\u00bb60px||60px||true|false\u00bb][et_pb_text _builder_version=\u00bb4.6.5&#8243; _module_preset=\u00bbdefault\u00bb]\n<p>&nbsp;<\/p>\n<p>&nbsp;<\/p>\n[\/et_pb_text][\/et_pb_column][\/et_pb_row][\/et_pb_section][et_pb_section fb_built=\u00bb1&#8243; admin_label=\u00bbTestimonials\u00bb module_id=\u00bbactualidad\u00bb _builder_version=\u00bb4.6.5&#8243; background_color=\u00bb#f7f7f7&#8243; locked=\u00bboff\u00bb][et_pb_row _builder_version=\u00bb4.4.8&#8243; locked=\u00bboff\u00bb][et_pb_column type=\u00bb4_4&#8243; _builder_version=\u00bb4.4.8&#8243;][et_pb_text _builder_version=\u00bb4.6.5&#8243; header_2_font=\u00bbKanit|700|||||||\u00bb header_2_text_color=\u00bb#000000&#8243; header_2_font_size=\u00bb48px\u00bb header_2_line_height=\u00bb1.1em\u00bb text_orientation=\u00bbcenter\u00bb module_alignment=\u00bbcenter\u00bb animation_style=\u00bbfade\u00bb header_2_font_size_tablet=\u00bb32px\u00bb header_2_font_size_phone=\u00bb22px\u00bb header_2_font_size_last_edited=\u00bbon|phone\u00bb]\n<h2>Mantente al d\u00eda con las novedades comerciales de Tacoronte<\/h2>\n[\/et_pb_text][\/et_pb_column][\/et_pb_row][et_pb_row _builder_version=\u00bb4.6.5&#8243; _module_preset=\u00bbdefault\u00bb custom_margin=\u00bb27px|auto||auto||\u00bb][et_pb_column type=\u00bb4_4&#8243; _builder_version=\u00bb4.6.5&#8243; _module_preset=\u00bbdefault\u00bb][et_pb_blog fullwidth=\u00bboff\u00bb include_categories=\u00bball\u00bb meta_date=\u00bbj F, Y\u00bb show_author=\u00bboff\u00bb _builder_version=\u00bb4.6.5&#8243; _module_preset=\u00bbdefault\u00bb meta_font=\u00bbKanit|300|||||||\u00bb hover_enabled=\u00bb0&#8243; box_shadow_style_image=\u00bbpreset3&#8243; box_shadow_vertical_image=\u00bb4px\u00bb box_shadow_blur_image=\u00bb5px\u00bb sticky_enabled=\u00bb0&#8243;][\/et_pb_blog][\/et_pb_column][\/et_pb_row][\/et_pb_section][et_pb_section fb_built=\u00bb1&#8243; _builder_version=\u00bb4.6.5&#8243; _module_preset=\u00bbdefault\u00bb background_color=\u00bb#ffd000&#8243; min_height=\u00bb481px\u00bb custom_padding=\u00bb0px||131px||false|false\u00bb][et_pb_row column_structure=\u00bb1_2,1_2&#8243; use_custom_gutter=\u00bbon\u00bb gutter_width=\u00bb2&#8243; make_equal=\u00bbon\u00bb _builder_version=\u00bb4.6.5&#8243; _module_preset=\u00bbdefault\u00bb width=\u00bb100%\u00bb max_width=\u00bb1531px\u00bb module_alignment=\u00bbcenter\u00bb custom_padding=\u00bb0px||0px||false|false\u00bb animation_style=\u00bbslide\u00bb animation_direction=\u00bbbottom\u00bb][et_pb_column type=\u00bb1_2&#8243; _builder_version=\u00bb4.6.5&#8243; _module_preset=\u00bbdefault\u00bb custom_padding=\u00bb||||true|false\u00bb][et_pb_cta title=\u00bb\u00bfEres Empresario?\u00bb button_url=\u00bbhttps:\/\/tacoronte.desarrollolocal.es\/users\/login_form?param=empresario\u00bb url_new_window=\u00bbon\u00bb button_text=\u00bbReg\u00edstrate\u00bb _builder_version=\u00bb4.6.5&#8243; _module_preset=\u00bbdefault\u00bb header_font=\u00bbKanit|||on|||||\u00bb use_background_color_gradient=\u00bbon\u00bb background_color_gradient_start=\u00bb#ffd000&#8243; background_color_gradient_end=\u00bb#e02b20&#8243; background_color_gradient_direction=\u00bb1deg\u00bb custom_button=\u00bbon\u00bb button_text_size=\u00bb14px\u00bb button_border_width=\u00bb2px\u00bb button_border_radius=\u00bb0px\u00bb button_letter_spacing=\u00bb3px\u00bb button_font=\u00bbKanit|||on|||||\u00bb custom_padding=\u00bb150px||150px||true|false\u00bb][\/et_pb_cta][\/et_pb_column][et_pb_column type=\u00bb1_2&#8243; _builder_version=\u00bb4.6.5&#8243; _module_preset=\u00bbdefault\u00bb][et_pb_cta title=\u00bb\u00bfBuscas empleo?\u00bb button_url=\u00bbhttps:\/\/tacoronte.desarrollolocal.es\/users\/login_form?param=demandante\u00bb url_new_window=\u00bbon\u00bb button_text=\u00bbReg\u00edstrate\u00bb _builder_version=\u00bb4.6.5&#8243; _module_preset=\u00bbdefault\u00bb header_font=\u00bbKanit|||on|||||\u00bb use_background_color_gradient=\u00bbon\u00bb background_color_gradient_start=\u00bb#ffd000&#8243; background_color_gradient_end=\u00bb#438710&#8243; background_color_gradient_direction=\u00bb360deg\u00bb custom_button=\u00bbon\u00bb button_text_size=\u00bb14px\u00bb button_border_width=\u00bb2px\u00bb button_border_radius=\u00bb0px\u00bb button_letter_spacing=\u00bb3px\u00bb button_font=\u00bbKanit|||on|||||\u00bb custom_padding=\u00bb150px||150px||true|false\u00bb][\/et_pb_cta][\/et_pb_column][\/et_pb_row][\/et_pb_section][et_pb_section fb_built=\u00bb1&#8243; specialty=\u00bbon\u00bb padding_top_bottom_link_1=\u00bbfalse\u00bb padding_top_bottom_link_2=\u00bbfalse\u00bb padding_left_right_link_1=\u00bbfalse\u00bb padding_left_right_link_2=\u00bbfalse\u00bb padding_top_1=\u00bb0px\u00bb padding_top_2=\u00bb8%\u00bb admin_label=\u00bbFooter\u00bb _builder_version=\u00bb4.6.5&#8243; background_color=\u00bb#000000&#8243; background_enable_image=\u00bboff\u00bb custom_margin=\u00bb-1px|||||\u00bb custom_padding=\u00bb0px|||||\u00bb locked=\u00bboff\u00bb][et_pb_column type=\u00bb1_2&#8243; _builder_version=\u00bb3.25&#8243; custom_padding=\u00bb|||\u00bb custom_padding__hover=\u00bb|||\u00bb][et_pb_image src=\u00bbhttps:\/\/tacorontetedamas.com\/web\/wp-content\/uploads\/2020\/10\/Captura-de-pantalla-2020-10-09-a-las-11.39.08.jpg\u00bb title_text=\u00bbCaptura de pantalla 2020-10-09 a las 11.39.08&#8243; _builder_version=\u00bb4.6.5&#8243; custom_margin=\u00bb|||-10vw|false|false\u00bb custom_margin_tablet=\u00bb0px||||false|false\u00bb custom_margin_last_edited=\u00bboff|desktop\u00bb][\/et_pb_image][\/et_pb_column][et_pb_column type=\u00bb1_2&#8243; specialty_columns=\u00bb2&#8243; _builder_version=\u00bb3.25&#8243; custom_padding=\u00bb|||\u00bb custom_padding__hover=\u00bb|||\u00bb][et_pb_row_inner _builder_version=\u00bb4.4.8&#8243; custom_margin=\u00bb||||false|false\u00bb][et_pb_column_inner saved_specialty_column_type=\u00bb1_2&#8243; _builder_version=\u00bb4.4.8&#8243;][et_pb_text _builder_version=\u00bb4.6.5&#8243; header_2_font=\u00bbKanit|700|||||||\u00bb header_2_font_size=\u00bb48px\u00bb header_2_line_height=\u00bb1.3em\u00bb background_layout=\u00bbdark\u00bb header_2_text_align_tablet=\u00bb\u00bb header_2_text_align_phone=\u00bbleft\u00bb header_2_text_align_last_edited=\u00bbon|phone\u00bb header_2_font_size_tablet=\u00bb36px\u00bb header_2_font_size_phone=\u00bb24px\u00bb header_2_font_size_last_edited=\u00bbon|phone\u00bb locked=\u00bboff\u00bb]\n<h2>\u00bfTienes dudas?<\/h2>\n[\/et_pb_text][\/et_pb_column_inner][\/et_pb_row_inner][et_pb_row_inner column_structure=\u00bb1_2,1_2&#8243; use_custom_gutter=\u00bbon\u00bb _builder_version=\u00bb4.6.5&#8243; custom_padding=\u00bb6px|||||\u00bb][et_pb_column_inner type=\u00bb1_2&#8243; saved_specialty_column_type=\u00bb1_2&#8243; _builder_version=\u00bb4.4.8&#8243;][et_pb_blurb title=\u00bbEscr\u00edbenos\u00bb use_icon=\u00bbon\u00bb font_icon=\u00bb%%238%%\u00bb icon_color=\u00bb#ffd000&#8243; icon_placement=\u00bbleft\u00bb use_icon_font_size=\u00bbon\u00bb icon_font_size=\u00bb24px\u00bb _builder_version=\u00bb4.6.5&#8243; header_font=\u00bbKanit|700|||||||\u00bb header_font_size=\u00bb20px\u00bb header_line_height=\u00bb1.3em\u00bb body_line_height=\u00bb1.8em\u00bb body_link_text_color=\u00bb#ffffff\u00bb background_layout=\u00bbdark\u00bb animation=\u00bboff\u00bb header_font_size_tablet=\u00bb18px\u00bb header_font_size_phone=\u00bb\u00bb header_font_size_last_edited=\u00bbon|tablet\u00bb locked=\u00bboff\u00bb]\n<p><a class=\"oajrlxb2 g5ia77u1 qu0x051f esr5mh6w e9989ue4 r7d6kgcz rq0escxv nhd2j8a9 nc684nl6 p7hjln8o kvgmc6g5 cxmmr5t8 oygrvhab hcukyx3x jb3vyjys rz4wbd8a qt6c0cv9 a8nywdso i1ao9s8h esuyzwwr f1sip0of lzcic4wl py34i1dx gpro0wi8\" href=\"mailto:desarrollolocal@aytotacoronte.org\" role=\"link\" target=\"_blank\" rel=\"noopener noreferrer\" tabindex=\"0\">desarrollolocal@aytotacoronte.org<\/a><\/p>\n[\/et_pb_blurb][et_pb_blurb title=\u00bbS\u00edguenos\u00bb url=\u00bbhttps:\/\/www.facebook.com\/tacorontetedamas\/\u00bb url_new_window=\u00bbon\u00bb use_icon=\u00bbon\u00bb font_icon=\u00bb%%337%%\u00bb icon_color=\u00bb#ffffff\u00bb icon_placement=\u00bbleft\u00bb use_icon_font_size=\u00bbon\u00bb icon_font_size=\u00bb24px\u00bb disabled_on=\u00bboff|off|off\u00bb _builder_version=\u00bb4.6.5&#8243; header_font=\u00bbKanit|700|||||||\u00bb header_font_size=\u00bb20px\u00bb header_line_height=\u00bb1.3em\u00bb body_line_height=\u00bb1.8em\u00bb background_layout=\u00bbdark\u00bb animation=\u00bboff\u00bb header_font_size_tablet=\u00bb18px\u00bb header_font_size_phone=\u00bb\u00bb header_font_size_last_edited=\u00bbon|tablet\u00bb][\/et_pb_blurb][et_pb_image src=\u00bbhttps:\/\/tacorontetedamas.com\/web\/wp-content\/uploads\/2020\/10\/Escudo-Tacoronte.png\u00bb title_text=\u00bbEscudo-Tacoronte\u00bb align_tablet=\u00bb\u00bb align_phone=\u00bbleft\u00bb align_last_edited=\u00bbon|phone\u00bb _builder_version=\u00bb4.6.5&#8243; _module_preset=\u00bbdefault\u00bb width=\u00bb75%\u00bb width_tablet=\u00bb52%\u00bb width_phone=\u00bb41%\u00bb width_last_edited=\u00bbon|phone\u00bb custom_margin=\u00bb||||false|false\u00bb custom_margin_tablet=\u00bb||||false|false\u00bb custom_margin_phone=\u00bb\u00bb custom_margin_last_edited=\u00bbon|phone\u00bb custom_padding=\u00bb|||20px|false|false\u00bb custom_padding_tablet=\u00bb\u00bb custom_padding_phone=\u00bb\u00bb custom_padding_last_edited=\u00bbon|desktop\u00bb module_alignment_tablet=\u00bb\u00bb module_alignment_phone=\u00bbleft\u00bb module_alignment_last_edited=\u00bbon|phone\u00bb][\/et_pb_image][\/et_pb_column_inner][et_pb_column_inner type=\u00bb1_2&#8243; saved_specialty_column_type=\u00bb1_2&#8243; _builder_version=\u00bb4.4.8&#8243;][\/et_pb_column_inner][\/et_pb_row_inner][\/et_pb_column][\/et_pb_section]\n","protected":false},"excerpt":{"rendered":"<p>Tacoronte Ahora comprar en tu comercio cercano es mucho m\u00e1s f\u00e1cil y r\u00e1pido.\u00bfQu\u00e9 buscas?Encuentra donde comer o tomar alg\u00fan aperitivo en los bares y restaurantes de tu zona.Descubre las tiendas de Tacoronte. \u00a1Te sorprender\u00e1s!Qu\u00e9date en casa y disfruta de tu compra en la comodidad de tu hogar.TACORONTE TE DA M\u00c1S es una iniciativa innovadora en [&hellip;]<\/p>\n","protected":false},"author":1,"featured_media":0,"parent":0,"menu_order":0,"comment_status":"closed","ping_status":"closed","template":"","meta":{"_et_pb_use_builder":"on","_et_pb_old_content":"","_et_gb_content_width":"","footnotes":""},"difl_page_category":[],"class_list":["post-100008572","page","type-page","status-publish","hentry"],"_links":{"self":[{"href":"https:\/\/tacorontetedamas.com\/web\/wp-json\/wp\/v2\/pages\/100008572","targetHints":{"allow":["GET"]}}],"collection":[{"href":"https:\/\/tacorontetedamas.com\/web\/wp-json\/wp\/v2\/pages"}],"about":[{"href":"https:\/\/tacorontetedamas.com\/web\/wp-json\/wp\/v2\/types\/page"}],"author":[{"embeddable":true,"href":"https:\/\/tacorontetedamas.com\/web\/wp-json\/wp\/v2\/users\/1"}],"replies":[{"embeddable":true,"href":"https:\/\/tacorontetedamas.com\/web\/wp-json\/wp\/v2\/comments?post=100008572"}],"version-history":[{"count":35,"href":"https:\/\/tacorontetedamas.com\/web\/wp-json\/wp\/v2\/pages\/100008572\/revisions"}],"predecessor-version":[{"id":100008666,"href":"https:\/\/tacorontetedamas.com\/web\/wp-json\/wp\/v2\/pages\/100008572\/revisions\/100008666"}],"wp:attachment":[{"href":"https:\/\/tacorontetedamas.com\/web\/wp-json\/wp\/v2\/media?parent=100008572"}],"wp:term":[{"taxonomy":"difl_page_category","embeddable":true,"href":"https:\/\/tacorontetedamas.com\/web\/wp-json\/wp\/v2\/difl_page_category?post=100008572"}],"curies":[{"name":"wp","href":"https:\/\/api.w.org\/{rel}","templated":true}]}}